3) + -2 + 4?
7
What is the value of -8 - (5 + -4 - (1 + -2 + -4))?
-14
Evaluate 14 - (-12 - ((11 - 24) + 11)).
24
What is 9 - (-10 + 18 - 2) - 32?
-29
Calculate (0 - -6 - 9) + 7 + -3 + -23.
-22
What is -73 - -62 - (-1 + 3 + -2)?
-11
Evaluate -10 + 0 - (20 - (-12 - -16) - 17).
-9
What is -9 - (-2 + (-2 - -3))?
-8
Evaluate (10 - 0 - (98 - 86)) + 6 + 3.
7
What is the value of (-5 - (-2 - -15)) + 18?
0
What is the value of -13 + -2 + -1 + 7 + 2 + 15?
8
Calculate 10 + (3 - 10) + (6 - 3).
6
What is -4 - (10 + 7 + -15) - -1?
-5
What is 27 + -21 + 12 + -12?
6
Evaluate (-2 + 8 - (7 + -4 + 4)) + 3.
2
-5 + -13 + (-4 - -2) + 9
-11
What is 2 + 16 + -15 + 3 + -4 + -1?
1
Evaluate -4 + 5 + (-4 - -8).
5
Calculate 2 - (10 + (-4 - (-8 + 12))).
0
What is 2 + (2 - (10 + -5)) + (3 - 7)?
-5
(-1 - (-6 - 0)) + (9 - 3) + -4
7
Evaluate (7 - -12) + (6 - 9) - (1 - -2).
13
Calculate -2 + 1 + (-4 - (-9 + -20 - -5)).
19
1 - (-61 + 47 - (0 - 14))
1
What is (-34 - (-91 - -19)) + -30?
8
What is the value of -4 - (116 + -123 - (-1 + 0))?
2
(-12 - 1) + (5 - (-46 - -69))
-31
Calculate 5 + -9 + 1 - (12 - (-8 - -16)).
-7
What is 11 + (2 - 2) + (4 - (2 - 2))?
15
Calculate (5 + -3 + -1 - -3) + (-3 - 4).
-3
-25 + 12 + (13 - (-2 - -6))
-4
What is 0 + -5 + (32 - 2) + -1 + -5?
19
Evaluate -1 + -4 - (-4 - -6).
-7
Evaluate 18 + 12 + -24 - (-3 + 1 + 5).
3
Calculate 189 + -190 - (0 + 6).
-7
Evaluate (-218 - -220 - (12 + 0)) + 0 + -4.
-14
What is the value of (16 - 5) + 0 + (-5 - (1 - 3))?
8
Evaluate 11 + (-8 - -10) + 7.
20
What is 6 - (3 + -4 - (6 + -9))?
4
9 + -3 - (8 + 18 + -15)
-5
Evaluate (-9 - -2) + (16 - 8) + -2 - 12.
-13
Evaluate (-19 - -29) + -25 - -34.
19
Calculate -12 - (2 + (13 - 8 - -1)).
-20
What is -6 - -7 - ((-8 - -6) + 2)?
1
Evaluate (-15 - -6) + -2 - (-31 + 9 + -9).
20
What is 6 + -5 + 31 + -28?
4
-14 - (-15 - (-22 - (-2 - 12)))
-7
Evaluate (36 - 8) + (25 - 40).
13
What is the value of (-15 - -46) + -27 + 7 + -2?
9
Calculate -6 - -3 - 4 - (0 + -8 - -4).
-3
Calculate -1 - ((-6 - (-2 + 1)) + 6) - 6.
-8
Evaluate 5 - (-2 - -7) - -14.
14
What is the value of 10 - (-1 - -1) - (-2898 + 2927)?
-19
What is -22 + (5 - 0) + (-5 + 10 - 13)?
-25
Calculate 20 - (5 + -4) - (-8 - -2).
25
What is 6 + -22 + 3 + 14?
1
Calculate 3 + 3 + -16 - (0 - 1).
-9
What is the value of 3 - -5 - ((9 - -2) + -12)?
9
(5 - (-7 + (4 - -4))) + -3 + 4
5
Evaluate -5 + (-7 - (-1 - 0 - 0)) - -3.
-8
Calculate -10 + 1 + (-11 - -6).
-14
(32 - 65) + (9 - -9)
-15
What is 12 + (-8 - (-4 + -4)) - 7 - -17?
22
Calculate -1 + -4 + 12 + (-1 - -3).
9
Calculate (-2 - (0 - 8)) + -1.
5
What is -2 + (-18 - (18 + -21))?
-17
(16 - 20) + 10 + (2 - 2) + 2
8
0 - 0 - (-6 + -27 + 19 + 5)
9
What is -21 + (-7 - (4 - 41))?
9
Evaluate 9 + 1 + 0 + (-299 - -266).
-23
What is the value of -14 - -12 - (-15 - -4)?
9
Evaluate 85 + -45 + 23 - 44.
19
What is -9 + 1 + 13 + (-3 - 5)?
-3
Evaluate (-1 - 8) + 836 + -808.
19
Calculate 1 + 1 - (8 - -5 - 20).
9
Evaluate -2 - (1 + -2 - (-59 + 59)).
-1
What is the value of (29 - 13) + -1 + -17?
-2
Evaluate 2 - 0 - (7 + 1 + -1).
-5
What is 5 + 0 - (-17 + 1 - (-41 + 32))?
12
Evaluate (-1 - -11 - 27) + 28.
11
What is the value of -1 - (2 - 1) - (1100 - 1112)?
10
-3 - 0 - (4 - -3) - (-255 - -254)
-9
What is 15 + 2 + 0 - (-1 - -5)?
13
What is 20 - 1 - (6 - -7 - (-6 + 17))?
17
What is the value of -7 - (-229 - -242 - (0 - 2))?
-22
Evaluate -13 + 12 + (28 - 0) + (46 - 48).
25
Evaluate 25 + (-13 - (21 + -25)).
16
What is the value of -7 + -49 + 36 - -29?
9
What is the value of -34 + 19 - (0 + -28)?
13
Evaluate (1 - -3) + -13 - (3 + 1 + -2).
-11
-18 - (-4 - -9 - (-10 - -15))
-18
What is the value of 10 + (14 - 16) + -2 + -3?
3
What is (9 - 6) + (1 - (-7 + 28)) - 9?
-26
What is 0 - 15 - -8 - -7?
0
Evaluate (3 - 14) + (36 - 3) - -2 - 9.
15
Evaluate 433 - 424 - (-3 - 16).
28
Calculate -8 + (6 - 7 - (-8 + 4)).
-5
Evaluate -21 + 35 + (0 - 30).
-16
4 - -3 - (-7 + -3 + 4)
13
10 - -1 - (-28 + 7 + 28)
4
Calculate 7 - 2 - (-5 + -1 + 0 - -3).
8
Calculate 10 - 1 - (28 + -14) - 3.
-8
Evaluate -1 + 8 - (2 + 4 + (4 - 6)).
3
-7 - ((1 - -1) + (-21 - -6))
6
(1 - -14) + 83 + -89
9
Calculate -5 - (0 - (13 - 1)).
7
Calculate 1 + 0 + 1 - (499 + -464).
-33
What is -1 + 0 + 0 + 1151 + -1167?
-17
What is the value of 0 + 6 - (-1 + 0 - (-125 + 119))?
1
What is the value of -23 - (8 + -14 + -9 + 5)?
-13
Calculate (1 - 54) + 117 + -88.
-24
(13 - (33 + -9) - -11) + 9
9
What is 0 - -10 - ((84 - 43) + -47)?
16
What is -1 - (3 + (-4 - 8)) - 10?
-2
What is -6 + (8 - 1) + -8 - (20 - 4)?
-23
(-19 - -1) + (2 + 0 - (-3 + 1))
-14
-1 - (18 + -16 + 14)
-17
Calculate -5 + -5 - -16 - 12.
-6
What is the value of -6 + 12 + -1 + (-26 - (-21 - -20))?
-20
Calculate 2 + (25 - 15) + -18.
-6
Calculate (33 + -17 - 37) + -3.
-24
What is -10 - (-35 - ((-24 - -6) + 9)) - -6?
22
Evaluate 18 - -5 - -4 - (3 + 7).
17
-15 + (-8 - -22) - -7
6
What is 6 + -19 + 9 + 9 + 5 + 6?
16
-3 + -3 - (3 - 11) - 2 - -4
4
Evaluate -6 + (15 - (-15 + 0 + 15)).
9
What is the value of (-159 - -181) + 1 + -5?
18
Evaluate -39 + 60 + -28 + -1 + 27.
19
What is the value of -11 - (-14 + -12 + 8)?
7
What is (3 - 44) + (-114 - -135)?
-20
(79 - 72) + (-27 - (1 + (-2 - -2)))
-21
What is the value of -19 + 4 - -42 - 3?
24
22 - (-15 - -22) - -8
23
29 + (-21 - 18) + 18
8
Calculate 1 + 24 + -448 + 385.
-38
Calculate 9 + (10 - 10) - 2 - (0 + -12).
19
Calculate -4 + (-9 - 0) + (-8 - -13).
-8
Evaluate 33 + (-27 - 13) + 15.
8
Calculate 13 - (16 + -35) - (-5 - -14).
23
Calculate 1 + (-1 - -4) + -12 + (54 - 27).
19
What is 1 - 15 - (23 - 28 - -12)?
-21
Evaluate 4 + 2 + (-8 - -1) + 2 + -12.
-11
103 + -87 + -26 + 2 + -1 + -7
-16
What is -9 - (5 + (-8 - 15)) - 12?
-3
What is (0 - 1) + (-28 - -23) + 8?
2
What is 2 - 10 - -7 - (18 + -13 + 8)?
-14
Calculate 0 + 45 + -9 + -67.
-31
(0 - -4 - -3) + -9 + -7 + 17
8
What is 24 + (4 - (-2 + 18)) + 5 + 4?
21
Evaluate 7 + 2 + (-22 - (18 + -14)).
-17
7 + (-5 - -7) + -7 + 9
11
What is 2 + 5 + -2 + 29 + (-49 - -24)?
9
-4 + 8 - (8 + -1 + -4) - 22
-21
4 + -6 + 27 + -14 + -1 + -4
6
Evaluate (-19 - (-21 + 1 + 13)) + 15.
3
8 - (-1 - 7 - (182 - 176))
22
Evaluate -13 - -3 - 3 - -9.
-4
(10 - -2) + -10 + 16 + -12
6
What is 6 - (-18 - (2 - (0 + 3))) - 1?
22
What is the value of -8 - (-7 + -3 - (-2 - -2))?
2
2 + -4 - (-43 - -23 - -19)
-1
0 + -2 + (10 - (-5 - -19))
-6
8 - 8 - (-8 + 0 + 6)
2
What is -18 - (-17 - (12 + -26 + -18))?
-33
What is the value of -3 + -2 - (-19 - (-27 + 8))?
-5
Calculate -5 - (3 - -17 - 14) - (0 + 4).
-15
Evaluate -12 - (-20 - -16 - -2) - -4.
-6
-3 + 9 + (-3 - ((0 - -2) + 0))
1
Calculate -51 - -25 - -28 - (-9 - -1).
10
What is the value of -17 - (-1 + 2) - ((5 - 1) + -12)?
-10
(40 - 5) + -35 + -21
-21
24 + -5 - (-5 - -24 - 17)
17
What is -8 + (1 - (11 - -7) - 2)?
-27
What is 1 + 4 + 3 + (-10 - 7) - 5?
-14
(21 + -11 - 12) + 8 + -12
-6
What is (-24 - -18) + -20 + 49?
23
Calculate 15 - (-6 - 0) - 8 - -1.
14
30 + -8 + -23 + 19
18
Evaluate 10 + (2 - 1) + (-65 - -67) - 5.
8
Evaluate -38 - -29 - (-8 - -2) - -2.
-1
Evaluate (0 - 4) + 3 - 6.
-7
What is the value of -15 - (-15 - (8 - 2 - 8))?
-2
70 - 2 - (92 - 52)
28
What is the value of -11 - (5 + ((-2 - -6) + 0 - 10))?
-10
44 - 77 - (-7 + 2)
-28
(0 + 2 - (-9 - 2 - -39)) + 8
-18
Evaluate 4 - (12 + 17) - -22.
-3
Evaluate -7 + 0 + 7 - ((-4 - 3) + 4).
3
What is -26 + 15 + 5 + 1?
-5
Calculate 8 - (6 + (0 - 4 - (1 - -1))).
8
Evaluate (80 - 77) + 1 + -2 + 9.
11
Calculate (135 - 130) + (-1 + 2 - -1) + -22.
-15
Calculate 6 + 2 + -6 - (37 - 24).
-11
What is the value of 5 + 0 - (-1 + 2 + -16 + 14)?
6
Calculate 22 + 14 + -1 + -24.
11
What is the value of 6 + 11 + -10 + -12?
-5
11 + (-8 - -8) - 8
3
What is the value of -10 + 12 + -1 + 1 - (-6 + 1)?
7
Calculate (-3 - 2) + 3 - (612 + -634).
20
-12 + -4 + -13 + 28
-1
What is the value of -2 - (-5 + -1 - -1) - (23 + -2)?
-18
Calculate 68 - 41 - (17 + -4).
14
What is 20 + -14 + -12 + 0?
-6
-1 + 9 + -8 + 18 + -9
9
What is -31 - ((3 - 23) + -1)?
-10
What is the value of -185 + 178 - (-3 - -6)?
-10
Evaluate (-6 - -1) + 4 + -1 + (0 - 1).
-3
Evaluate 2 - (-5 - (-7 + 4)) - (-5 - -9).
0
Evaluate 2 + 17 + (-27 - -30) + -12.
10
Calculate (47 - 91) + 33 + (-4 - 2).
-17
-31 + 2 - (-305 - -303)
-27
Calculate -4 + 0 - (-4 + 7 + 4).
-11
What is the value of 48 + -9 - (45 + -28)?
22
Evaluate 35 + 9 - 41 